 j(-10).
-1
Let o(t) = t**2 + t - 8. Determine o(-4).
4
Let h(t) = -t**3 + 11*t**2 + 12*t - 25. Determine h(12).
-25
Let t(m) = -m**3 - 4*m**2 + 4*m + 1. Determine t(-5).
6
Let x(r) = -r**2 - 20*r - 32. Determine x(-18).
4
Let h(c) = -5*c**3 + c**2 + 3*c - 3. Give h(2).
-33
Let b(j) = -3*j**2 - 15*j - 1. Give b(-4).
11
Let w(x) = x**3 - 10*x**2 + 10*x + 42. Determine w(8).
-6
Let z(c) = 18*c + 1. Determine z(1).
19
Let n(c) = -5*c - 67. What is n(-13)?
-2
Let c(v) = 6*v + 119. Calculate c(-20).
-1
Let o(x) = -x**2 - 2*x - 3. What is o(-4)?
-11
Let u(r) = r**3 - 11*r**2 - 21*r - 63. Calculate u(13).
2
Let t(j) = -j**3 - 7*j**2 - 7*j + 6. What is t(-6)?
12
Let k(j) = j**3 + 2*j - 1. Determine k(1).
2
Let n(q) = 22*q - 245. Give n(10).
-25
Let c(l) = 5*l + 1. Calculate c(-4).
-19
Let c(b) = -2*b**3 + 9*b**2 - 7*b + 20. Determine c(6).
-130
Let k(g) = 3*g**2 + 5*g + 1. Determine k(-2).
3
Let l(m) = m**2 + 9*m + 10. Give l(-6).
-8
Let s(d) = -2*d**2 + 10*d - 10. Calculate s(4).
-2
Let r(l) = -l**3 - 6*l**2 + 18*l + 49. Calculate r(-7).
-28
Let d(r) = -r**2 + 58*r - 1. Determine d(0).
-1
Let t(b) = 11*b + 43. Determine t(-10).
-67
Let d(s) = -s - 87. Calculate d(9).
-96
Let b(r) = r**2 + 20*r + 35. Determine b(-18).
-1
Let m(q) = q**3 + 47*q**2 + 86*q - 195. Give m(-45).
-15
Let k(z) = z**2 - 9*z - 31. Determine k(10).
-21
Let i(v) = 3*v**2 - 2*v - 2. Give i(-2).
14
Let r(y) = -9*y - 107. Determine r(-13).
10
Let l(w) = w - 2. Give l(-7).
-9
Let g(y) = -22*y - 788. Determine g(-36).
4
Let j(a) = 5*a**2 - 20*a + 12. Give j(5).
37
Let n(x) = -33*x + 138. Determine n(4).
6
Let h(f) = -17*f + 92. Determine h(6).
-10
Let k(i) = -i**2 + 18*i - 88. Determine k(7).
-11
Let k(h) = 19*h + 2. What is k(-1)?
-17
Let q(c) = c**2 + 3*c + 10. Calculate q(-7).
38
Let k(i) = i**3 - 12*i**2 + 13*i - 16. Give k(11).
6
Let q(w) = -w - 37. Determine q(-11).
-26
Let v(m) = -5*m**2 + m + 3. Determine v(-1).
-3
Let v(w) = -47*w + 285. Calculate v(6).
3
Let y(z) = 12*z + 688. Determine y(-58).
-8
Let v(m) = m**2 - 6*m + 19. Calculate v(7).
26
Let x(q) = 8*q**2 - 3*q - 5. What is x(-4)?
135
Let r(y) = -y**3 + 5*y**2 + 4*y + 16. Give r(6).
4
Let w(l) = l**3 - 10*l**2 + 11*l. Calculate w(9).
18
Let n(z) = 19*z**3 - z**2 - z. What is n(-1)?
-19
Let f(u) = u**2 + 9*u - 14. Give f(-10).
-4
Let a(z) = -4*z**2 - 14. What is a(0)?
-14
Let a(p) = -p**2 - 2*p. What is a(-4)?
-8
Let i(q) = q - 2. What is i(4)?
2
Let k(b) = 3*b + 50. Give k(-13).
11
Let u(i) = -i**3 - 5*i**2 + 4. What is u(-5)?
4
Let d(n) = n**3 - n**2 + 6*n - 2. Give d(3).
34
Let c(y) = -26*y + 467. Determine c(18).
-1
Let y(q) = 19*q - 208. Calculate y(11).
1
Let q(s) = s**2 - 19*s + 34. What is q(18)?
16
Let w(b) = b**2 - 9*b - 5. What is w(0)?
-5
Let q(v) = -2*v**3 + 12*v**2 - 9*v - 10. Calculate q(5).
-5
Let z(w) = -2*w**2 - 9*w - 1. Calculate z(-6).
-19
Let r(t) = t**3 - 69*t**2 - 213*t - 210. What is r(72)?
6
Let m(z) = -2*z**3 + 5*z**2 + 11. Calculate m(3).
2
Let f(r) = r**2 + 12*r - 1. Calculate f(-13).
12
Let x(n) = -3*n - 39. What is x(-9)?
-12
Let a(v) = v**3 + 9*v**2 + 7*v + 47. Determine a(-9).
-16
Let b(w) = w**2 + 15*w + 52. What is b(-8)?
-4
Let s(j) = -j**3 - 36*j**2 - 33*j + 71. What is s(-35)?
1
Let g(o) = -o**3 - 4*o**2 + 4*o + 6. Give g(-4).
-10
Let o(p) = 37*p - 15. Give o(-3).
-126
Let x(c) = -5*c + 109. Calculate x(22).
-1
Let m(f) = f**3 - 5*f**2 - 26*f. Calculate m(9).
90
Let c(t) = t**3 + 7*t**2 + 75*t + 419. Give c(-6).
5
Let q(a) = 7*a**2 - 43*a + 10. Calculate q(6).
4
Let n(t) = 3*t**3 + t**2 + t - 2. Determine n(2).
28
Let r(c) = 12*c - 45. Calculate r(2).
-21
Let u(h) = h**2 - 6*h - 6. Calculate u(9).
21
Let t(k) = -6*k. Determine t(-2).
12
Let m(n) = -15*n - 111. Determine m(-7).
-6
Let k(i) = i**3 - 11*i**2 - 4*i - 88. What is k(12)?
8
Let r(i) = 6*i + 77. Give r(-11).
11
Let v(y) = 60*y + 2. Calculate v(1).
62
Let p(b) = -7*b + 154. Calculate p(23).
-7
Let h(k) = k**2 - 8*k + 19. Give h(5).
4
Let z(q) = 25*q + 1. Calculate z(1).
26
Let g(p) = 4*p - 72. Determine g(10).
-32
Let m(n) = n**3 - 8*n**2 - 4*n + 26. What is m(8)?
-6
Let f(r) = r - 19. Determine f(0).
-19
Let m(s) = -39*s**2 - 4*s - 5. Calculate m(-1).
-40
Let h(r) = r**2 - 33*r + 26. Give h(32).
-6
Let x(b) = -75*b + 233. Calculate x(3).
8
Let m(x) = -x**3 - 4*x**2 - 2*x + 1. Give m(-2).
-3
Let x(o) = -12*o + 4. Give x(5).
-56
Let s(w) = 4*w**3 - 2*w**2 + 2. Give s(-2).
-38
Let u(p) = 23*p**3 - 2*p**2 + 3*p - 8. Give u(2).
174
Let q(h) = -h + 21. Determine q(13).
8
Let p(a) = 6*a - 29. Calculate p(6).
7
Let b(d) = d**2 - 24*d + 3. Calculate b(24).
3
Let z(t) = t**3 - 5*t. Calculate z(-2).
2
Let a(k) = -6*k**3 - k**2 + 1. What is a(1)?
-6
Let q(f) = -f**2 - 16*f - 38. Determine q(-14).
-10
Let r(i) = i**3 + 12*i**2 + i - 9. Give r(-12).
-21
Let y(j) = -26*j. Determine y(0).
0
Let s(h) = 3*h**2 - 24*h + 23. Give s(12).
167
Let d(n) = -n**3 - 6*n**2 - 6*n + 8. What is d(-3)?
-1
Let u(f) = 2*f**3 - 10*f**2 + 2*f + 3. Determine u(4).
-21
Let o(r) = -r**2 - 11*r + 65. What is o(-10)?
75
Let y(v) = -v**3 - 9*v**2 + v + 9. Give y(-9).
0
Let g(d) = -3*d + 41. Determine g(13).
2
Let s(x) = -42*x**3 - 2*x**2 - 4*x + 6. What is s(1)?
-42
Let l(b) = -b**2 - 2*b + 6. Calculate l(2).
-2
Let b(s) = s**3 + 2*s - 2. Determine b(2).
10
Let o(x) = 26*x - 154. Determine o(6).
2
Let c(p) = -p**3 + 6*p**2 - 6*p. Give c(4).
8
Let s(n) = n**2 - 12*n - 210. Determine s(-10).
10
Let k(x) = -2*x**3 + 11*x**2 - 11*x + 35. Calculate k(5).
5
Let o(x) = x + 3. What is o(0)?
3
Let q(z) = -z**2 + 2*z + 15. Calculate q(-4).
-9
Let v(h) = h**2 + 21*h + 46. Calculate v(-18).
-8
Let c(w) = -16*w + 11. What is c(-1)?
27
Let t(d) = 14*d**3 + 2*d**2 - 2*d + 1. Determine t(1).
15
Let n(x) = 14*x**2 - 2*x + 1. Give n(1).
13
Let r(x) = x**3 - 3*x**2 - 1. Calculate r(6).
107
Let g(l) = -17*l**3 + l**2 - l - 1. Calculate g(1).
-18
Let p(x) = 2*x - 5. What is p(5)?
5
Let w(c) = -31*c + 127. Determine w(6).
-59
Let i(a) = -a**3 - 9*a**2 - 7*a + 4. What is i(-5)?
-61
Let w(u) = 67*u**2 + 2*u + 2. What is w(-1)?
67
Let h(l) = -21*l - 526. Calculate h(-25).
-1
Let q(o) = -12*o - 33. Give q(-11).
99
Let r(v) = -10*v - 59. What is r(-9)?
31
Let z(s) = -13*s + 20. What is z(-8)?
124
Let t(a) = -53*a**2 - 5*a - 5. What is t(-1)?
-53
Let n(k) = k**3 + 11*k**2 - 10*k - 16. What is n(-12)?
-40
Let q(m) = -m**3 - 5*m**2 - 3*m + 2. Determine q(-3).
-7
Let h(a) = -14*a + 88. Calculate h(6).
4
Let t(i) = -4*i**3 + 2*i**2 - 2*i + 1. Calculate t(2).
-27
Let c(v) = 2*v**3 - 43*v**2 - 23*v + 21. Determine c(22).
-1
Let s(g) = -7*g + 4. What is s(4)?
-24
Let y(c) = c**2 - 12*c - 9. Determine y(12).
-9
Let o(n) = 23*n - 39. Determine o(8).
145
Let d(t) = -t**3 - 3*t**2 + 33*t + 24. Give d(-7).
-11
Let v(f) = f**2 - 17*f + 6. What is v(17)?
6
Let p(v) = v**3 - 7*v**2 - 42*v + 107. What is p(10)?
-13
Let f(g) = -48*g - 10. Give f(3).
-154
Let n(u) = u**3 + 2*u**2 - 3*u + 2. Give n(1).
2
Let z(u) = -4*u - 18. Determine z(-7).
10
Let k(j) = -j**2 - 30*j - 30. What is k(-25)?
95
Let m(f) = 2*f**2 - 16*f + 86. Calculate m(11).
152
Let w(j) = j**3 + 9*j**2 - 22*j - 1. Give w(-11).
-1
Let p(o) = -17*o**3 + 2*o**2 - 2*o - 2. Calculate p(-2).
146
Let l(m) = 4*m - 56. Give l(14).
0
Let r(s) = -3*s**2 + 12*s - 8. Calculate r(4).
-8
Let h(q) = 3*q**3 - q**2 + q - 2. What is h(2)?
20
Let k(z) = 3*z**2 + 18*z + 27. What is k(-5)?
12
Let f(d) = -15*d**3 + 2*d**2 - 1. Calculate f(-1).
16
Let s(x) = 3*x - 13. What is s(4)?
-1
Let a(n) = n**3 - 12*n**2 - 25*n + 62. What is a(14)?
104
Let o(h) = -2*h + 13. Give o(6).
1
Let i(r) = 31*r - 37. Give i(2).
25
Let l(n) = -n**3 - 10*n**2 + n + 14. Calculate l(-10).
4
Let b(r) = r**2 - 16*r - 28. Determine b(15).
-43
Let m(p) = 17*p + 220. Give m(-14).
-18
Let c(w) = w + 21. Give c(-8).
13
Let u(k) = 6*k + 61. What is u(-9)?
7
Let l(u) = 34*u + 62. What is l(-2)?
-6
Let m(o) = -31*o**2 + 2*o + 2. Give m(-1).
-31
Let w(q) = -10*q**2 - 15*q + 5. Determine w(-2).
-5
Let k(w) = -w + 21. Determine k(0).
21
Let y(p) = -p**2 + 19*p - 7. Give y(4).
53
Let a(p) = p**3 - 8*p**2 - 4. What is a(8)?
-4
Let i(v) = v**2 + 6*v - 4. Calculate i(-7).
3
Let s(n) = -79*n - 165. Give s(-2).
-7
Let v(c) = -c**3 + 10*c**2 + 3*c - 31. Determine v(10).
-1
Let r(m) = -5*m**3 + m**2 - m + 2